{"id":1160,"date":"2013-01-03T22:23:11","date_gmt":"2013-01-03T21:23:11","guid":{"rendered":"http:\/\/www.vip-rc.com\/vipblog\/?page_id=1160"},"modified":"2022-01-02T13:55:37","modified_gmt":"2022-01-02T12:55:37","slug":"agb","status":"publish","type":"page","link":"https:\/\/www.vip-pro10.com\/?page_id=1160","title":{"rendered":"AGB"},"content":{"rendered":"<p style=\"text-align: center;\"><strong>1 .Grunds\u00e4tzliche Bedingungen<\/strong><br \/>\nF\u00fcr alle Gesch\u00e4fte gelten die nachfolgend aufgef\u00fchrten Bedingungen. Ihre pers\u00f6nlichen Daten werden vertraulich behandelt und selbstverst\u00e4ndlich nicht an Dritte weitergeleitet.<\/p>\n<p style=\"text-align: center;\"><strong>2. Preise<\/strong>\/<strong> Zahlung<\/strong><br \/>\nAlle Preise sind Endpreise. Gem\u00e4\u00df \u00a719 Ustg wird keine Unsatzsteuer ausgewiesen. Innerhalb der Bundesrepublik Deutschland liefere ich gegen Rechnung. Bei Neukunden behalte ich mir vor, Vorauskasse zu vereinbaren. Bezahlung wahlweise per \u00dcberweisung oder Paypal. Bei Paypal und Auslands\u00fcberweisungen gehen die Geb\u00fchren zu Lasten des K\u00e4ufers.<\/p>\n<p style=\"text-align: center;\"><strong>3. Versandbedingungen<\/strong><\/p>\n<p style=\"text-align: center;\">Die Versand- und Verpackungskosten f\u00fcr Lieferungen innerhalb Deutschlands (ohne Inseln) variieren je nach Lieferumfang zwischen 2,50 Euro &#8211; 7,00 Euro.\u00a0 <span style=\"text-decoration: underline;\">F\u00fcr Lieferungen au\u00dferhalb der Bundesrepublik Deutschland gelten gesonderte Versandkosten.<\/span> <span style=\"text-decoration: underline;\">Ich bitten diese vorher zu erfragen<\/span>. Die Versandkosten werden vom K\u00e4ufer getragen.<\/p>\n<p style=\"text-align: center;\"><strong>4. Gew\u00e4hrleistung<\/strong><\/p>\n<p style=\"text-align: center;\">Sollten gelieferte Artikel Herstellungsfehler oder offensichtliche Transportsch\u00e4den aufweisen, so sind diese unverz\u00fcglich zu melden. Auf individuelle Fr\u00e4steilen, die nicht im Shop aufgef\u00fchrt werden, entf\u00e4llt die Gew\u00e4hrleistung. Gew\u00e4hrleistung auf Sch\u00e4den, die auf nat\u00fcrlichen Verschlei\u00df, auf unsachgem\u00e4\u00dfen Gebrauch und auf mangelnde oder falsche Pflege zur\u00fcckzuf\u00fchren, sind keine M\u00e4ngelanspr\u00fcche.<\/p>\n<p style=\"text-align: center;\"><strong>5. Zahlung, Verzug, Eigentumsvorbehalt<\/strong><\/p>\n<p style=\"text-align: center;\">Zahlungen sind innerhalb von 7 Tagen ab Rechnungsdatum ohne Abz\u00fcge f\u00e4llig. Sollten Sie mit Zahlungen in Verzug geraten, so bin ich berechtigt, Ihnen Mahngeb\u00fchren in H\u00f6he von 5% des Rechnungsbetrages zu berechnen. Die Ware bleibt bis zur restlosen Bezahlung mein Eigentum.<\/p>\n<p style=\"text-align: center;\"><strong>6. Schlussbestimmungen<\/strong><br \/>\nSollten eine oder mehrere Bestimmungen der Allgemeinen Gesch\u00e4ftsbedingungen ganz oder teilweise unwirksam sein oder Ihre Rechtswirksamkeit sp\u00e4ter verlieren, so wird hierdurch die Wirksamkeit der Gesch\u00e4ftsbedingungen im \u00dcbrigen nicht ber\u00fchrt.<\/p>\n<p style=\"text-align: center;\"><strong><span style=\"text-decoration: underline;\">Widerrufsrecht und \u2013folgen<\/span><\/strong><br \/>\n<span style=\"text-decoration: underline;\">Verbrauchern steht \u2013 bei Anwendbarkeit der Vorschriften \u00fcber Fernabsatzvertr\u00e4ge \u2013 in Bezug auf die gekauften Artikel ein Widerrufsrecht nach Ma\u00dfgabe der folgenden Belehrung zu:<\/span><br \/>\n1. Der Verbraucher kann seine Vertragserkl\u00e4rung innerhalb von zwei Wochen ohne Angabe von Gr\u00fcnden in Textform oder durch R\u00fccksendung der Sache widerrufen. Ausgenommen hierzu sind individuelle Fr\u00e4steile, die nicht im Shop aufgef\u00fchrt werden. Zur Wahrung der Widerrufsfrist gen\u00fcgt die rechtzeitige Absendung des Widerrufs oder der Sache. Der Widerruf ist zu richten an:<span style=\"text-decoration: underline;\"><strong> Tobias Weist, Heidestra\u00dfe 27, 61276 Weilrod.<\/strong><\/span><\/p>\n<p style=\"text-align: center;\">2. Im Falle eines wirksamen Widerrufs sind die beiderseits empfangenen Leistungen zur\u00fcck zu gew\u00e4hren herauszugeben. Kann der Verbraucher die empfangene Leistung ganz oder teilweise nicht oder nur in verschlechtertem Zustand zur\u00fcckgew\u00e4hren, muss er\u00a0 Wertersatz leisten. Bei der \u00dcberlassung von Sachen gilt dies nicht, wenn die Verschlechterung der Sache ausschlie\u00dflich auf deren Pr\u00fcfung zur\u00fcckzuf\u00fchren ist. Im \u00dcbrigen kann die Wertersatzpflicht vermieden werden, indem die Ware nicht in Gebrauch genommen und alles unterlassen wird, was deren Wert beeintr\u00e4chtigt.<\/p>\n<p style=\"text-align: center;\">Der Verbraucher hat die Kosten der R\u00fccksendung zu tragen.<\/p>\n<p style=\"text-align: center;\"><strong>Muster-Widerrufsformular<\/strong><\/p>\n<p style=\"text-align: center;\">(Wenn Sie den Vertrag widerrufen wollen, dann f\u00fcllen Sie bitte dieses Formular aus und senden Sie es zur\u00fcck.)<br \/>\n&#8211; An Tobias Weist, Heidestra\u00dfe 27, 61276 Weilrod, E-Mail-Adresse: info@vip-pro10.com :<br \/>\n&#8211; Hiermit widerrufe(n) ich\/ wir (*) den von mir\/ uns (*) abgeschlossenen Vertrag \u00fcber den Kauf der folgenden<br \/>\nWaren (*)\/<br \/>\ndie Erbringung der folgenden Dienstleistung (*)<br \/>\n&#8211; Bestellt am (*)\/ erhalten am (*)<br \/>\n&#8211; Name des\/ der Verbraucher(s)<br \/>\n&#8211; Anschrift des\/ der Verbraucher(s)<br \/>\n&#8211; Unterschrift des\/ der Verbraucher(s) (nur bei Mitteilung auf Papier)<br \/>\n&#8211; Datum<br \/>\n(*) Unzutreffendes streichen.<\/p>\n<p style=\"text-align: center;\">\u00a9 Tobias Weist 01\/2022<\/p>\n","protected":false},"excerpt":{"rendered":"<p>1 .Grunds\u00e4tzliche Bedingungen F\u00fcr alle Gesch\u00e4fte gelten die nachfolgend aufgef\u00fchrten Bedingungen. Ihre pers\u00f6nlichen Daten werden vertraulich behandelt und selbstverst\u00e4ndlich nicht an Dritte weitergeleitet. 2. Preise\/ Zahlung Alle Preise sind Endpreise. Gem\u00e4\u00df \u00a719 Ustg wird keine Unsatzsteuer ausgewiesen. Innerhalb der Bundesrepublik Deutschland liefere ich gegen Rechnung. Bei Neukunden behalte ich mir vor, Vorauskasse zu vereinbaren. Bezahlung &hellip; <\/p>\n<p class=\"link-more\"><a href=\"https:\/\/www.vip-pro10.com\/?page_id=1160\" class=\"more-link\"><span class=\"screen-reader-text\">\u201eAGB\u201c<\/span> weiterlesen<\/a><\/p>\n","protected":false},"author":2,"featured_media":0,"parent":0,"menu_order":98,"comment_status":"open","ping_status":"open","template":"","meta":{"footnotes":""},"class_list":["post-1160","page","type-page","status-publish","hentry"],"_links":{"self":[{"href":"https:\/\/www.vip-pro10.com\/index.php?rest_route=\/wp\/v2\/pages\/1160","targetHints":{"allow":["GET"]}}],"collection":[{"href":"https:\/\/www.vip-pro10.com\/index.php?rest_route=\/wp\/v2\/pages"}],"about":[{"href":"https:\/\/www.vip-pro10.com\/index.php?rest_route=\/wp\/v2\/types\/page"}],"author":[{"embeddable":true,"href":"https:\/\/www.vip-pro10.com\/index.php?rest_route=\/wp\/v2\/users\/2"}],"replies":[{"embeddable":true,"href":"https:\/\/www.vip-pro10.com\/index.php?rest_route=%2Fwp%2Fv2%2Fcomments&post=1160"}],"version-history":[{"count":3,"href":"https:\/\/www.vip-pro10.com\/index.php?rest_route=\/wp\/v2\/pages\/1160\/revisions"}],"predecessor-version":[{"id":1827,"href":"https:\/\/www.vip-pro10.com\/index.php?rest_route=\/wp\/v2\/pages\/1160\/revisions\/1827"}],"wp:attachment":[{"href":"https:\/\/www.vip-pro10.com\/index.php?rest_route=%2Fwp%2Fv2%2Fmedia&parent=1160"}],"curies":[{"name":"wp","href":"https:\/\/api.w.org\/{rel}","templated":true}]}}